{"id":19243,"date":"2022-05-23T10:45:32","date_gmt":"2022-05-23T08:45:32","guid":{"rendered":"https:\/\/meacpre.vipnetsaas.com\/?page_id=19243"},"modified":"2024-12-11T15:05:56","modified_gmt":"2024-12-11T14:05:56","slug":"podcast","status":"publish","type":"page","link":"https:\/\/www.mitsubishielectric.es\/aire-acondicionado\/profesionales\/podcast\/","title":{"rendered":"El Podcast"},"content":{"rendered":"\r\n<h2 class=\"has-text-align-center wp-block-heading\">Bienvenidos a El Podcast de Mitsubishi Electric<\/h2>\r\n\r\n\r\n\r\n<p><strong>Escucha tu podcast<\/strong> sobre las <strong>\u00faltimas tendencias y noticias de actualidad<\/strong> en tecnolog\u00eda e innovaci\u00f3n, ahorro energ\u00e9tico, calidad del aire interior y sostenibilidad en el sector de la <strong>Climatizaci\u00f3n<\/strong>.<\/p>\r\n","protected":false},"excerpt":{"rendered":"<p>Bienvenidos a El Podcast de Mitsubishi Electric Escucha tu podcast sobre las \u00faltimas tendencias y noticias de actualidad en tecnolog\u00eda e innovaci\u00f3n, ahorro energ\u00e9tico, calidad del aire interior y sostenibilidad en el sector de la Climatizaci\u00f3n.<\/p>\n","protected":false},"author":2,"featured_media":19264,"parent":39195,"menu_order":0,"comment_status":"closed","ping_status":"closed","template":"podcasts.php","meta":{"_acf_changed":false,"footnotes":""},"class_list":["post-19243","page","type-page","status-publish","has-post-thumbnail","hentry"],"acf":[],"_links":{"self":[{"href":"https:\/\/www.mitsubishielectric.es\/aire-acondicionado\/wp-json\/wp\/v2\/pages\/19243","targetHints":{"allow":["GET"]}}],"collection":[{"href":"https:\/\/www.mitsubishielectric.es\/aire-acondicionado\/wp-json\/wp\/v2\/pages"}],"about":[{"href":"https:\/\/www.mitsubishielectric.es\/aire-acondicionado\/wp-json\/wp\/v2\/types\/page"}],"author":[{"embeddable":true,"href":"https:\/\/www.mitsubishielectric.es\/aire-acondicionado\/wp-json\/wp\/v2\/users\/2"}],"replies":[{"embeddable":true,"href":"https:\/\/www.mitsubishielectric.es\/aire-acondicionado\/wp-json\/wp\/v2\/comments?post=19243"}],"version-history":[{"count":0,"href":"https:\/\/www.mitsubishielectric.es\/aire-acondicionado\/wp-json\/wp\/v2\/pages\/19243\/revisions"}],"up":[{"embeddable":true,"href":"https:\/\/www.mitsubishielectric.es\/aire-acondicionado\/wp-json\/wp\/v2\/pages\/39195"}],"wp:featuredmedia":[{"embeddable":true,"href":"https:\/\/www.mitsubishielectric.es\/aire-acondicionado\/wp-json\/wp\/v2\/media\/19264"}],"wp:attachment":[{"href":"https:\/\/www.mitsubishielectric.es\/aire-acondicionado\/wp-json\/wp\/v2\/media?parent=19243"}],"curies":[{"name":"wp","href":"https:\/\/api.w.org\/{rel}","templated":true}]}}