{"id":626,"date":"2019-03-19T10:29:11","date_gmt":"2019-03-19T09:29:11","guid":{"rendered":"https:\/\/meacpre.vipnetsaas.com\/?page_id=626"},"modified":"2024-12-11T16:29:29","modified_gmt":"2024-12-11T15:29:29","slug":"terminos-de-uso","status":"publish","type":"page","link":"https:\/\/www.mitsubishielectric.es\/aire-acondicionado\/terminos-de-uso\/","title":{"rendered":"T\u00e9rminos de uso"},"content":{"rendered":"<p>Mitsubishi Electric Europe B.V. Sucursal en Espa\u00f1a<br \/>\nPor favor, lea atentamente estas condiciones<\/p>\n<h3>Aviso Legal<\/h3>\n<p>Toda la informaci\u00f3n, materiales, datos y archivos electr\u00f3nicos del tipo que fuere (conjuntamente, el &#8220;Material&#8221;) contenidos incluidos en el sitio Web &#8220;mitsubishielectric.es&#8221; (el &#8220;Sitio&#8221;) lo proporciona Mitsubishi Electric \u00fanicamente con fines informativos y como un servicio hacia sus clientes y distribuidores para ayudarles en sus operaciones comerciales con Mitsubishi Electric. Cualquier tema relacionado con el Material se somete y est\u00e1 sujeto a los t\u00e9rminos incluidos en las presentes condiciones de uso (las &#8220;Condiciones de Uso&#8221;). Mitsubishi Electric se reserva el derecho a actualizar las Condiciones de Uso en todo momento sin previo aviso y podr\u00e1, asimismo, realizar mejoras y cambios en los productos y servicios descritos en el Sitio en cualquier momento y sin aviso previo. Al acceder, utilizar o descargar cualquier Material contenido en el presente Sitio, Usted (ya sea en nombre propio o en nombre y representaci\u00f3n de una empresa) acepta cumplir con y someterse a estas Condiciones de Uso. Si Usted no acepta someterse a, y cumplir con, las presentes Condiciones de Uso, no descargue ni imprima Material alguno de este Sitio y cese inmediatamente de utilizar el Sitio y el Material.<\/p>\n<h3>Autoridad<\/h3>\n<p>Usted manifiesta y garantiza que est\u00e1 legitimado para aceptar estas Condiciones de Uso. Usted se hace responsable de cualquier uso no autorizado del Material causado directa o indirectamente por Usted.<\/p>\n<h3>Propiedad Intelectual e Industrial<\/h3>\n<p>Usted manifiesta y acepta que el Material disponible en el Sitio est\u00e1 protegido por derechos de autor, derechos de marca, nombre de dominio, nombres comerciales, patentes, secretos comerciales y otros derechos y leyes de propiedad intelectual e industrial. Salvo que Mitsubishi Electric le autorice expresamente, Usted acepta no vender, licenciar, alquilar, modificar, distribuir, copiar, reproducir, transmitir, mostrar p\u00fablicamente, ejecutar, publicar, adaptar, editar o crear trabajos derivados del Material. Mitsubishi Electric se reserva todos los derechos de autor. &#8220;MITSUBISHI&#8221; y &#8220;Mitsubishi Electric&#8221; son marcas registradas y no se permite su uso ni se concede licencia alguna sobre tales marcas por el mero uso que Usted hace de este Sitio.<\/p>\n<h3>Usos Permitidos y Restricciones<\/h3>\n<p>Queda prohibido el uso del Material para cualquier fin, incluyendo la reposici\u00f3n, nueva publicaci\u00f3n o retransmisi\u00f3n que no haya sido expresamente autorizada en estas Condiciones de Uso. No existe ning\u00fan tipo de consentimiento impl\u00edcito para la reposici\u00f3n, nueva publicaci\u00f3n ni retransmisi\u00f3n del Material. Ninguna parte del Material podr\u00e1 ser incluida en p\u00e1gina Web, sitio FTP alguno, sistema de tabl\u00f3n de anuncios, u otra base de datos de archivos electr\u00f3nica, ni publicada nuevamente o facilitada gratuitamente o mediante precio, salvo que Mitsubishi Electric d\u00e9 su consentimiento expreso por escrito.<\/p>\n<p>El derecho de uso del Material supone una licencia limitada de uso, no una cesi\u00f3n de derechos, y est\u00e1 sujeto a las restricciones y limitaciones establecidas en las presentes Condiciones de Uso. Usted podr\u00e1 descargar una copia del Material en un \u00fanico ordenador como ayuda para la adquisici\u00f3n o uso de cualquiera de los productos referidos en este Sitio, siempre que no altere en modo alguno los avisos de copyright y dem\u00e1s marcas y s\u00edmbolos referentes a la titularidad de derechos. Usted tambi\u00e9n puede imprimir una copia del Material. A excepci\u00f3n de lo expresamente dispuesto en estas Condiciones de Uso, o salvo que Usted reciba una autorizaci\u00f3n expresa y por escrito de Mitsubishi Electric, Usted no podr\u00e1: a) modificar el Material ni utilizarlo para fin comercial alguno; b) ceder, transferir ni sublicenciar los derechos que le hayan sido otorgados mediante las presentes Condiciones de Uso; c) ofrecer el Material en venta o alquiler; d) descompilar, descodificar, emplear la ingenier\u00eda inversa ni descomponer software alguno incluido en el Material; e) eliminar cualquier aviso de copyright, marca u otros avisos de propiedad del Material; f) realizar acciones que interfieran con los derechos de propiedad intelectual de Mitsubishi Electric o de las empresas del grupo Mitsubishi Electric; y g) copiar, mostrar, transferir, ofrecer bajo licencia, reproducir, publicar, descargar, cargar, colocar, transmitir, distribuir o vender el Material, en todo o en parte, ni usarlo para crear un trabajo derivado. A excepci\u00f3n de lo expresamente dispuesto en las presentes Condiciones de Uso, no se le atribuyen a Usted otros derechos expresos o impl\u00edcitos.<\/p>\n<h3>Enlaces<\/h3>\n<p>Mitsubishi Electric, o las empresas del grupo Mitsubishi Electric, pueden ofrecer enlaces a otros sitios, p\u00e1ginas o fuentes en Internet, pero Mitsubishi Electric no es responsable ni tienen el control sobre tales sitios, p\u00e1ginas y fuentes. Usted reconoce y acepta que ni Mitsubishi Electric ni las compa\u00f1\u00edas del grupo Mitsubishi Electric son responsables de la disponibilidad de dichos sitios, p\u00e1ginas o fuentes. Mitsubishi Electric no aprueba y no es responsable del contenido, publicidad, productos u otros materiales disponibles en o a trav\u00e9s de dichos sitios, p\u00e1ginas o fuentes y no se hace responsable, directa ni indirectamente, de ning\u00fan da\u00f1o o p\u00e9rdida supuestamente causadas por o relacionadas con el uso o fiabilidad de los contenidos disponibles en tales sitios, p\u00e1ginas o fuentes.<\/p>\n<p>El Sitio puede haber sido enlazado a otros sitios Web que no est\u00e1n bajo la supervisi\u00f3n y el mantenimiento de Mitsubishi Electric. Mitsubishi Electric no es responsable del contenido de tales sitios. Aquellos terceros interesados en crear enlaces con el Sitio deber\u00e1n facilitar la informaci\u00f3n sobre el sitio que Mitsubishi Electric le requiera y solicitar la autorizaci\u00f3n previa de Mitsubishi Electric. El contenido y la estructura del directorio pueden ser objeto de frecuentes cambios, por lo que rogamos se abstenga de crear enlaces a partes de nuestro sitio Web que no sean la p\u00e1gina principal.<\/p>\n<h3>Propiedad y Modificaciones del Material<\/h3>\n<p>Usted reconoce que la titularidad, la propiedad y cualquier otro derecho de propiedad intelectual o industrial sobre el Material, as\u00ed como cualquier copia del mismo, son propiedad de Mitsubishi Electric o de empresas del grupo Mitsubishi Electric, salvo cuando se indique lo contrario. El Material puede ser modificado, mejorado o actualizado peri\u00f3dicamente en cualquier momento y sin previo aviso. Puede ponerse en contacto con nosotros cuando crea que existe informaci\u00f3n m\u00e1s actualizada sobre los productos Mitsubishi Electric, o los datos, informaci\u00f3n t\u00e9cnica u otros detalles acerca del Material contenido en el Sitio.<\/p>\n<h3>Informaci\u00f3n sobre los Productos<\/h3>\n<p>Los productos Mitsubishi Electric est\u00e1n sujetos a disponibilidad. Contacte con nosotros si desea adquirir alguno de los productos descritos en el Material, en particular cuando dicho producto pueda requerir de una solicitud especial dada su naturaleza y caracter\u00edsticas.<\/p>\n<h3>F-Gas<\/h3>\n<p>Nuestros equipos de aire acondicionado y de bomba de calor contienen los gases fluorados de efecto invernadero R410A, R407C y R134a.<\/p>\n<h3>Disponibilidad Mundial<\/h3>\n<p>Puede que Mitsubishi Electric publique informaci\u00f3n en el Sitio que haga referencia a productos, programas y servicios de Mitsubishi Electric no anunciados o disponibles en Espa\u00f1a (o en cualquier otro pa\u00eds). Dichas referencias no implican que Mitsubishi Electric tenga intenci\u00f3n de comercializar tales productos, programas o servicios en Espa\u00f1a (o en el pa\u00eds en el que Usted se encuentre). Consulte a Mitsubishi Electric si desea obtener informaci\u00f3n relacionada con los productos, programas y servicios disponibles en Espa\u00f1a (o en cualquier otro pa\u00eds).<\/p>\n<h3>Garant\u00edas y Limitaci\u00f3n de Responsabilidad<\/h3>\n<p>Garant\u00edas. MITSUBISHI ELECTRIC Y LAS EMPRESAS DEL GRUPO MITSUBISHI ELECTRIC NO DAN NING\u00daN TIPO DE GARANT\u00cdA RESPECTO LA IDONEIDAD DE LOS PRODUCTOS Y SERVICIOS DESCRITOS EN EL MATERIAL, CUALQUIERA QUE SEA SU DESTINO O USO. EL MATERIAL SE PROPORCIONA &#8220;TAL Y COMO EST\u00c1&#8221;, SIN GARANT\u00cdA ALGUNA, YA SEA EXPRESA O IMPL\u00cdCITA, Y SIN QUE PUEDA DERIVARSE NING\u00daN TIPO DE RESPONSABILIDAD POR PARTE DE MITSUBISHI ELECTRIC O DE LAS EMPRESAS DE SU GRUPO. Puede que el Material contenga o incluya informaci\u00f3n defectuosa o inexacta.<br \/>\nL\u00edmite de responsabilidad. El Material contenido en este Sitio puede contener imprecisiones t\u00e9cnicas y errores tipogr\u00e1ficos. Mitsubishi Electric no garantiza la exactitud del Material ni que sea completo, ni la fiabilidad de las recomendaciones, opiniones, declaraciones ni ninguna otra informaci\u00f3n mostrada o distribuida a trav\u00e9s de este Sitio. Usted acepta el riesgo que implica seguir dichas recomendaciones, opiniones, declaraciones u otra informaci\u00f3n. Mitsubishi Electric y las empresas del grupo Mitsubishi Electric no asumen ning\u00fan tipo de responsabilidad por da\u00f1o, gasto o p\u00e9rdida alguna como consecuencia del uso que Usted haga del Material, de reclamaciones por infracci\u00f3n de derechos de terceros o por violaci\u00f3n del deber de secreto profesional como consecuencia del uso del Material. EN NING\u00daN CASO MITSUBISHI ELECTRIC O LAS EMPRESAS DEL GRUPO MITSUBISHI ELECTRIC SER\u00c1N RESPONSABLES FRENTE A PERSONA O ENTIDAD ALGUNA POR DA\u00d1OS DIRECTOS, INDIRECTOS, FORTUITOS, MULTAS O SANCIONES (DE CAR\u00c1CTER LEGAL O CONTRACTUAL), INDEMNIZACIONES PUNITIVAS O POR DA\u00d1OS Y PERJUICIOS (INCLUIDOS LOS DA\u00d1OS RESULTANTES DE LA P\u00c9RDIDA DE USO, LUCRO CESANTE, P\u00c9RDIDA DE INFORMACI\u00d3N, P\u00c9RDIDA O INEXACTITUD DE DATOS, P\u00c9RDIDA DE BENEFICIOS, P\u00c9RDIDA DE AHORROS, EL COSTE DE ADQUISICI\u00d3N DE BIENES, SERVICIOS O TECNOLOG\u00cdAS, O POR CUALQUIER ASUNTO FUERA DE SU CONTROL), ORIGINADOS O RELACIONADOS CON EL USO O LA IMPOSIBILIDAD DE USAR EL MATERIAL, YA SEA POR INCUMPLIMIENTO DE CONTRATO, NEGLIGENCIA O CULPA EXTRACONTRACUTAL, INCLUSO SI MITSUBISHI ELECTRIC O ALGUNA DE LAS EMPRESAS DEL GRUPO MITSUBISHI ELECTRIC HUBIERAN SIDO EXPRESAMENTE ADVERTIDAS DE LA POSIBILIDAD DE QUE TALES DA\u00d1OS SE PRODUJESEN.<\/p>\n<h3>Informaci\u00f3n Proporcionada por Terceros<\/h3>\n<p>El Material puede contener informaci\u00f3n facilitada por terceros y enlaces a sitios Web operados por terceros. Si Usted hace uso de dichos sitios, abandonar\u00e1 este Sitio bajo su responsabilidad. Mitsubishi Electric no dirige ni controla de modo alguno la informaci\u00f3n o los sitios Web de terceros y, por consiguiente, no ofrece ninguna garant\u00eda ni manifestaci\u00f3n al respecto, y no es cotitular de, ni aprueba o autoriza, la informaci\u00f3n contenida en los sitios Web objeto de enlace. Los enlaces a otros sitios o fuentes de informaci\u00f3n no deben interpretarse como un patrocinio o autorizaci\u00f3n por parte de Mitsubishi Electric, ni debe entenderse que Mitsubishi Electric est\u00e9 afiliada o asociada a tales sitios Web ni legalmente autorizada a utilizar su marca, nombre comercial, logotipo o s\u00edmbolo de copyright. Cualesquiera otros signos distintivos a los que se haga referencia o que est\u00e9n incluidos en el Material son marcas o signos distintivos de sus respectivos propietarios.<\/p>\n<h3>Informaci\u00f3n Proporcionada por Usted<\/h3>\n<p>Mitsubishi Electric no desea que Usted env\u00ede, y Usted no debe enviar informaci\u00f3n confidencial o protegida por derechos de propiedad intelectual o industrial, o de cualquier otro tipo, a Mitsubishi Electric a trav\u00e9s del Sitio. Usted acepta que la informaci\u00f3n o el material que Usted, de forma directa o indirecta, proporcione a Mitsubishi Electric a trav\u00e9s del Sitio, no sea considerada confidencial ni propiedad privada. Al proporcionar informaci\u00f3n o material a Mitsubishi Electric a trav\u00e9s del Sitio, Usted otorga a Mitsubishi Electric una licencia sin restricciones, irrevocable, imprescriptible, de alcance mundial y gratuita para utilizar, reproducir, mostrar, transmitir y distribuir dicha informaci\u00f3n y material en cualquier formato conocido en la actualidad o futuro. Usted acepta asimismo, que Mitsubishi Electric pueda utilizar cualquier idea, concepto o conocimiento que Usted, o cualquier otra persona que act\u00fae en su nombre, proporcione a Mitsubishi Electric. Asimismo, Usted manifiesta y garantiza a Mitsubishi Electric que la informaci\u00f3n o el material que Usted pueda llegar a proporcionar a Mitsubishi Electric no incluye contenidos difamatorios, amenazantes, obscenos, insultantes o il\u00edcitos ni incluyen material propiedad de un tercero. Usted reconoce que el contenido que Usted remite es responsabilidad suya y no de Mitsubishi Electric. Usted tiene responsabilidad plena respecto del contenido, incluyendo responsabilidad sobre su legalidad, fiabilidad, idoneidad, originalidad y derechos de autor.<br \/>\nEn caso de comunicar cualquier tipo de informaci\u00f3n personal a trav\u00e9s del Sitio, Usted manifiesta conocer y acepta la Pol\u00edtica de Privacidad establecida por Mitsubishi Electric.<\/p>\n<h3>Jurisdicci\u00f3n y Competencia<\/h3>\n<p>Este Sitio es propiedad de Mitsubishi Electric. El funcionamiento de, y el contenido de, el Sitio se somete y se regir\u00e1 conforme a lo dispuesto en las leyes de Espa\u00f1a. Asimismo, Usted est\u00e1 de acuerdo en que, en caso de controversia derivada del uso o la imposibilidad de uso del Material contenido en este Sitio, toda acci\u00f3n legal ser\u00e1 iniciada ante los juzgados y tribunales competentes de la ciudad de Barcelona, Espa\u00f1a. Al utilizar este Sitio, Usted presta su consentimiento irrevocable a la jurisdicci\u00f3n de dichos tribunales para los conflictos que surjan en relaci\u00f3n con el uso del Material y renuncia a su propio fuero, cualesquiera que fuere.<\/p>\n<h3>Modificaciones<\/h3>\n<p>Mitsubishi Electric se reserva el derecho a cambiar o revisar las presentes Condiciones de Uso. La continuaci\u00f3n por su parte con el uso de este Sitio despu\u00e9s de la inclusi\u00f3n de modificaciones en las Condiciones de Uso supone la aceptaci\u00f3n de dichos cambios. Mitsubishi Electric puede rescindir, terminar, cambiar, suspender o discontinuar en todo momento cualquier aspecto del Sitio, su disponibilidad y su contenido. Asimismo, Mitsubishi Electric puede imponer restricciones sobre funciones y servicios y limitar el acceso al Sitio sin aviso previo, sin por ello incurrir en responsabilidad alguna.<\/p>\n<h3>Legislaci\u00f3n en Materia de Control de Exportaciones<\/h3>\n<p>Mitsubishi Electric no garantiza que el Material sea adecuado o est\u00e9 disponible en el lugar donde Usted se encuentra. Se proh\u00edbe el acceso al, y el uso del, Material desde territorios donde el uso de su contenido sea ilegal. Usted acuerda que accede a este Sitio por propia iniciativa y que Usted es responsable del cumplimiento con las leyes locales que le son aplicables. Los productos y tecnolog\u00edas ofrecidos en el Material est\u00e1n sometidos a las leyes y normativas sobre control de exportaciones de Espa\u00f1a y Jap\u00f3n, entre otros pa\u00edses. Queda prohibida toda actividad, en particular reexportaci\u00f3n, contraria a las leyes y normas de exportaci\u00f3n aplicables.<\/p>\n<h3>Representaci\u00f3n, Agencia o Asociaci\u00f3n<\/h3>\n<p>Usted manifiesta y reconoce que no existe, entre Usted y Mitsubishi Electric (o cualquier otra empresa del grupo Mitsubishi Electric), ninguna relaci\u00f3n de asociaci\u00f3n, empleo, agencia o representaci\u00f3n como resultado del acceso a, y utilizaci\u00f3n del, Material. Usted reconoce que no tiene autoridad ni poder para comprometer a Mitsubishi Electric ni a ninguna empresa del grupo Mitsubishi Electric, y Usted no se presentar\u00e1 o actuar\u00e1 como si tuviera tal autorizaci\u00f3n o como si Usted fuera representante, agente o empleado de Mitsubishi Electric o de alguna empresa del grupo Mitsubishi Electric. En ning\u00fan caso Mitsubishi Electric ni las empresas del grupo Mitsubishi Electric ser\u00e1n responsables de afirmaciones, actos u omisiones realizadas por Usted.<\/p>\n<h3>Terminaci\u00f3n<\/h3>\n<p>Mitsubishi Electric puede cancelar su derecho a utilizar el Material en cualquier momento y sin necesidad de que medie causa justificada, sin incurrir en responsabilidad alguna. Su derecho a utilizar el Material terminar\u00e1 tambi\u00e9n de inmediato si Usted infringe alguna de las cl\u00e1usulas contenidas en estas Condiciones de Uso. A la finalizaci\u00f3n de su derecho de acceso y de uso del Material, Usted deber\u00e1 cesar de inmediato en el uso de cualquier Material y deber\u00e1 destruir todas las versiones y copias del Material que obren en su poder.<\/p>\n<h3>Cl\u00e1usula de Salvaguarda<\/h3>\n<p>Si alguna de las disposiciones o parte de una cl\u00e1usula de estas Condiciones de Uso es considerada nula por el motivo que fuere, dicha declaraci\u00f3n de nulidad no afectar\u00e1 a la validez general de dicha cl\u00e1usula o de las restantes cl\u00e1usulas de las presentes Condiciones de Uso, que seguir\u00e1n siendo v\u00e1lidas y exigibles.<\/p>\n<h3>Acuerdo \u00cdntegro<\/h3>\n<p>Estas Condiciones de Uso constituyen el acuerdo \u00edntegro entre Usted y Mitsubishi Electric con respecto a este Sitio y sustituyen a todas las comunicaciones y propuestas simult\u00e1neas realizadas a trav\u00e9s de cualquier medio entre Usted y Mitsubishi Electric.<\/p>\n<h3>Disposici\u00f3n final<\/h3>\n<p>Los derechos no expresamente otorgados en estas Condiciones de Uso est\u00e1n reservados para Mitsubishi Electric o las empresas del grupo Mitsubishi Electric o asociadas.<\/p>\n<p>Copyright\u00a9 2010 Mitsubishi Electric Europe B.V.<br \/>\nSucursal en Espa\u00f1a<br \/>\nAvenida de Castilla 2, Parque Empresarial San Fernando de Henares, Edif. Europa Planta Primera, Escalera A, San Fernando de Henares de Madrid<br \/>\nN\u00famero de Identificaci\u00f3n Fiscal W0031608C Inscrita en el Registro Mercantil de Barcelona el 13 de junio de 1996, volumen 29.096, p\u00e1gina 159, folio B-149127, Inscripci\u00f3n 1\u00aa.<br \/>\nTodos los derechos son propiedad de y est\u00e1n reservados por Mitsubishi Electric Europe B.V. Sucursal en Espa\u00f1a.<br \/>\nPor favor, dirija cualquier comentario o consulta, mediante carta, a la direcci\u00f3n anteriormente indicada o mediante correo electr\u00f3nico a la siguiente direcci\u00f3n: correo@sp.mee.com<\/p>\n","protected":false},"excerpt":{"rendered":"<p>Mitsubishi Electric Europe B.V. Sucursal en Espa\u00f1a Por favor, lea atentamente estas condiciones Aviso Legal Toda la informaci\u00f3n, materiales, datos y archivos electr\u00f3nicos del tipo que fuere (conjuntamente, el &#8220;Material&#8221;) contenidos incluidos en el sitio Web &#8220;mitsubishielectric.es&#8221; (el &#8220;Sitio&#8221;) lo proporciona Mitsubishi Electric \u00fanicamente con fines informativos y como un servicio hacia sus clientes y&#8230;  <a href=\"https:\/\/www.mitsubishielectric.es\/aire-acondicionado\/terminos-de-uso\/\" title=\"Leer T\u00e9rminos de uso\">Leer m\u00e1s &raquo;<\/a><\/p>\n","protected":false},"author":2,"featured_media":0,"parent":0,"menu_order":1100,"comment_status":"closed","ping_status":"closed","template":"","meta":{"_acf_changed":false,"footnotes":""},"class_list":["post-626","page","type-page","status-publish","hentry"],"acf":[],"_links":{"self":[{"href":"https:\/\/www.mitsubishielectric.es\/aire-acondicionado\/wp-json\/wp\/v2\/pages\/626","targetHints":{"allow":["GET"]}}],"collection":[{"href":"https:\/\/www.mitsubishielectric.es\/aire-acondicionado\/wp-json\/wp\/v2\/pages"}],"about":[{"href":"https:\/\/www.mitsubishielectric.es\/aire-acondicionado\/wp-json\/wp\/v2\/types\/page"}],"author":[{"embeddable":true,"href":"https:\/\/www.mitsubishielectric.es\/aire-acondicionado\/wp-json\/wp\/v2\/users\/2"}],"replies":[{"embeddable":true,"href":"https:\/\/www.mitsubishielectric.es\/aire-acondicionado\/wp-json\/wp\/v2\/comments?post=626"}],"version-history":[{"count":0,"href":"https:\/\/www.mitsubishielectric.es\/aire-acondicionado\/wp-json\/wp\/v2\/pages\/626\/revisions"}],"wp:attachment":[{"href":"https:\/\/www.mitsubishielectric.es\/aire-acondicionado\/wp-json\/wp\/v2\/media?parent=626"}],"curies":[{"name":"wp","href":"https:\/\/api.w.org\/{rel}","templated":true}]}}